culate the remainder when 556785 is divided by 4066.
3809
Calculate the remainder when 57293008 is divided by 29.
28
What is the remainder when 348451 is divided by 23156?
1111
Calculate the remainder when 3030071 is divided by 53.
8
What is the remainder when 9395439 is divided by 1824?
15
What is the remainder when 80853 is divided by 382?
251
What is the remainder when 44895572 is divided by 82?
80
Calculate the remainder when 4520631 is divided by 234.
219
What is the remainder when 8198558 is divided by 27?
8
Calculate the remainder when 167071 is divided by 8344.
191
What is the remainder when 191796659 is divided by 1485?
1484
What is the remainder when 19968 is divided by 988?
208
What is the remainder when 61109212 is divided by 3617?
3614
What is the remainder when 446676 is divided by 257?
10
Calculate the remainder when 1375339 is divided by 229214.
55
What is the remainder when 101816 is divided by 16969?
2
Calculate the remainder when 24657062 is divided by 88.
78
What is the remainder when 301102 is divided by 622?
54
What is the remainder when 987981 is divided by 329324?
9
What is the remainder when 4003101 is divided by 2950?
2901
Calculate the remainder when 1797526 is divided by 1764.
10
What is the remainder when 171511 is divided by 1843?
112
What is the remainder when 157639 is divided by 31524?
19
What is the remainder when 3818840 is divided by 166036?
12
Calculate the remainder when 12834792 is divided by 17.
13
Calculate the remainder when 409114 is divided by 153.
145
What is the remainder when 107914298 is divided by 3230?
3228
What is the remainder when 19587116 is divided by 356?
352
What is the remainder when 4332071 is divided by 4332055?
16
What is the remainder when 413173 is divided by 8263?
23
Calculate the remainder when 1956141 is divided by 651790.
771
What is the remainder when 55739 is divided by 4463?
2183
Calculate the remainder when 6774 is divided by 5503.
1271
What is the remainder when 17160701 is divided by 3047?
3044
Calculate the remainder when 12665189 is divided by 71.
67
What is the remainder when 1320281 is divided by 4126?
4087
Calculate the remainder when 261319 is divided by 244.
239
Calculate the remainder when 363216 is divided by 222.
24
What is the remainder when 62438 is divided by 5386?
3192
What is the remainder when 146066 is divided by 2294?
1544
Calculate the remainder when 29772027 is divided by 114069.
18
What is the remainder when 73578916 is divided by 197?
7
Calculate the remainder when 39384797 is divided by 19692398.
1
Calculate the remainder when 3254789 is divided by 130.
109
Calculate the remainder when 11356 is divided by 7787.
3569
Calculate the remainder when 34859 is divided by 11.
0
Calculate the remainder when 45687918 is divided by 230747.
12
Calculate the remainder when 990877 is divided by 22016.
157
What is the remainder when 25721918 is divided by 128?
62
What is the remainder when 92762 is divided by 15207?
1520
Calculate the remainder when 11906368 is divided by 11650.
68
What is the remainder when 1432321 is divided by 686?
639
What is the remainder when 141544 is divided by 1610?
1474
What is the remainder when 1862318 is divided by 155?
148
Calculate the remainder when 4848330 is divided by 60.
30
Calculate the remainder when 309007 is divided by 1776.
1759
What is the remainder when 3605075 is divided by 91?
19
What is the remainder when 14751 is divided by 471?
150
Calculate the remainder when 393397 is divided by 4323.
4
Calculate the remainder when 37299 is divided by 12213.
660
Calculate the remainder when 1190468 is divided by 5031.
3152
What is the remainder when 62567648 is divided by 4812896?
0
What is the remainder when 497852 is divided by 124433?
120
Calculate the remainder when 28238026 is divided by 1082.
1072
What is the remainder when 58813 is divided by 1636?
1553
What is the remainder when 560948 is divided by 25496?
36
What is the remainder when 475637 is divided by 7?
1
Calculate the remainder when 16197834 is divided by 46.
38
Calculate the remainder when 26900148 is divided by 46.
38
Calculate the remainder when 1662240420 is divided by 817.
815
Calculate the remainder when 24272757 is divided by 1165.
1147
Calculate the remainder when 1804740 is divided by 601570.
30
What is the remainder when 463229108 is divided by 25?
8
What is the remainder when 200619559 is divided by 168?
7
Calculate the remainder when 65494 is divided by 12868.
1154
What is the remainder when 8375215 is divided by 310193?
4
Calculate the remainder when 21979384 is divided by 15.
4
Calculate the remainder when 6751358 is divided by 3374.
3358
Calculate the remainder when 127731 is divided by 775.
631
Calculate the remainder when 22567900 is divided by 178.
170
What is the remainder when 112880 is divided by 52782?
7316
Calculate the remainder when 205566 is divided by 102.
36
What is the remainder when 170291555 is divided by 18?
17
What is the remainder when 822105 is divided by 1225?
130
What is the remainder when 213517 is divided by 106544?
429
What is the remainder when 21953486 is divided by 10?
6
What is the remainder when 8091 is divided by 198?
171
What is the remainder when 334066 is divided by 6?
4
Calculate the remainder when 969082 is divided by 2884.
58
What is the remainder when 4648124 is divided by 516449?
83
Calculate the remainder when 1342195 is divided by 447398.
1
What is the remainder when 826329 is divided by 275411?
96
Calculate the remainder when 115200 is divided by 113676.
1524
What is the remainder when 555320 is divided by 139?
15
What is the remainder when 170705 is divided by 24227?
1116
What is the remainder when 42138811 is divided by 48603?
10
Calculate the remainder when 73238 is divided by 815.
703
What is the remainder when 6130582 is divided by 766318?
38
Calculate the remainder when 81000 is divided by 2880.
360
What is the remainder when 96488 is divided by 48240?
8
Calculate the remainder when 328563 is divided by 268.
263
Calculate the remainder when 560814 is divided by 677.
258
What is the remainder when 575102 is divided by 186?
176
Calculate the remainder when 40372084 is divided by 414.
46
Calculate the remainder when 272809 is divided by 3618.
1459
What is the remainder when 20260379 is divided by 164?
147
Calculate the remainder when 167846271 is divided by 22.
21
What is the remainder when 20630 is divided by 1235?
870
Calculate the remainder when 244647 is divided by 80614.
2805
What is the remainder when 48899471 is divided by 3554?
3539
Calculate the remainder when 125475 is divided by 124283.
1192
What is the remainder when 6788290 is divided by 383?
381
Calculate the remainder when 4289290 is divided by 4482.
16
Calculate the remainder when 1694992 is divided by 338806.
962
Calculate the remainder when 257016419 is divided by 391.
389
What is the remainder when 2639 is divided by 1078?
483
Calculate the remainder when 14529881 is divided by 829.
827
Calculate the remainder when 571378 is divided by 3809.
28
What is the remainder when 12958005 is divided by 56095?
60
What is the remainder when 37623 is divided by 15045?
7533
What is the remainder when 1675279 is divided by 3426?
3391
Calculate the remainder when 985685478 is divided by 1143.
1140
Calculate the remainder when 279738 is divided by 139688.
362
What is the remainder when 10122435 is divided by 5574?
51
Calculate the remainder when 939505 is divided by 14.
7
What is the remainder when 4476719 is divided by 10105?
204
What is the remainder when 698443 is divided by 7314?
3613
What is the remainder when 81450 is divided by 40175?
1100
Calculate the remainder when 118851 is divided by 10648.
1723
Calculate the remainder when 135636 is divided by 6470.
6236
What is the remainder when 1819684 is divided by 348?
340
What is the remainder when 33587712 is divided by 647?
1
What is the remainder when 13017891 is divided by 1516?
1515
What is the remainder when 649411 is divided by 177?
175
What is the remainder when 3556567 is divided by 301?
252
Calculate the remainder when 823774 is divided by 51478.
126
Calculate the remainder when 763612 is divided by 2079.
619
Calculate the remainder when 5707768 is divided by 644.
640
What is the remaind